{"id":9,"date":"2024-07-18T14:14:15","date_gmt":"2024-07-18T12:14:15","guid":{"rendered":"http:\/\/skoleni-prvni-pomoc.cz\/?page_id=9"},"modified":"2024-08-10T16:58:18","modified_gmt":"2024-08-10T14:58:18","slug":"skoleni-prvni-pomoci-pro-zamestnance","status":"publish","type":"page","link":"https:\/\/skoleni-prvni-pomoc.cz\/","title":{"rendered":"\u0160kolen\u00ed prvn\u00ed pomoci"},"content":{"rendered":"\n<p><\/p>\n\n\n\n<h2 class=\"wp-block-heading has-text-align-left\">\u0160kolen\u00ed prvn\u00ed pomoci<\/h2>\n\n\n\n<p class=\"has-text-align-left\">Jablonec, Liberec, \u010cesk\u00e1 L\u00edpa, Turnov, Hradec Kr\u00e1lov\u00e9, Fr\u00fddlant, Litom\u011b\u0159ice, Praha, aj.<\/p>\n\n\n\n<p><\/p>\n\n\n\n<h2 class=\"wp-block-heading\">Jste zam\u011bstnavatel?<\/h2>\n\n\n\n<p>Pokud je odpov\u011b\u010f ano, vztahuje se na v\u00e1s&nbsp;<strong>povinnost vypl\u00fdvaj\u00edc\u00ed ze z\u00e1kon\u00edku pr\u00e1ce<\/strong>&nbsp;o odborn\u00e9m pro\u0161kolen\u00ed zam\u011bstnanc\u016f v&nbsp;<strong>poskytov\u00e1n\u00ed prvn\u00ed pomoci<\/strong>. Pln\u011bn\u00ed t\u00e9to povinnosti b\u00fdv\u00e1 p\u0159edm\u011btem kontrol st\u00e1tn\u00edch org\u00e1n\u016f (\u00a7 102 odst. 6, \u00a7 103 odst. 1 p\u00edsm. g) a j) z\u00e1k. \u010d. 262\/2006 Sb., z\u00e1kon\u00edku pr\u00e1ce). Cena \u0161kolen\u00ed od 242,- K\u010d\/os na Va\u0161em pracovi\u0161ti ve V\u00e1mi zvolen\u00fdch term\u00ednech. Bli\u017e\u0161\u00ed v nab\u00eddce a cen\u00edku.<\/p>\n\n\n\n<p><\/p>\n\n\n\n<h2 class=\"wp-block-heading\">Jak V\u00e1m m\u016f\u017eeme pomoci?<\/h2>\n\n\n\n<ul class=\"wp-block-list\">\n<li>Nab\u00edz\u00edme kompletn\u00ed pro\u0161kolen\u00ed V\u00e1s i Va\u0161ich zam\u011bstnanc\u016f v&nbsp;poskytov\u00e1n\u00ed prvn\u00ed pomoci dle po\u017eadavku z\u00e1kon\u00edku pr\u00e1ce a dal\u0161\u00edch pr\u00e1vn\u00edch p\u0159edpis\u016f.<\/li>\n\n\n\n<li>Nab\u00edz\u00edme kurzy prvn\u00ed pomoci&nbsp;<strong>pedagogick\u00fdm pracovn\u00edk\u016fm<\/strong>&nbsp;s vyu\u017eit\u00edm d\u011btsk\u00fdch resuscita\u010dn\u00edch model\u016f.<\/li>\n\n\n\n<li>K v\u00fduce pou\u017e\u00edv\u00e1me \u0161irokou \u0161k\u00e1lu resucita\u010dn\u00edch model\u016f v\u0161ech v\u011bkov\u00fdch kategori\u00ed od kojence po seniora.<\/li>\n\n\n\n<li>Vyu\u017e\u00edv\u00e1me resuscita\u010dn\u00ed modely v proveden\u00ed mu\u017ee i \u017eeny.<\/li>\n<\/ul>\n\n\n\n<p><\/p>\n\n\n\n<h2 class=\"wp-block-heading\">Automatizovan\u00e1 extern\u00ed defibrilace<\/h2>\n\n\n\n<p>V souvislosti se zvy\u0161uj\u00edc\u00edm se po\u010dtem ve\u0159ejn\u00fdch m\u00edst a pracovi\u0161\u0165, kde je mo\u017eno vyu\u017e\u00edvat slu\u017eby automatizovan\u00e9ho extern\u00edho defibril\u00e1toru (AED), je sou\u010d\u00e1st\u00ed z\u00e1kladn\u00edho \u0161kolen\u00ed PP i&nbsp;<strong>praktick\u00fd v\u00fdcvik v pou\u017eit\u00ed AED.<\/strong>&nbsp;\u00da\u010dastn\u00edci \u0159e\u0161\u00ed kolapsov\u00fd stav pacienta s nutnost\u00ed zah\u00e1jen\u00ed KPR za vyu\u017eit\u00ed resuscita\u010dn\u00ed masky a AED. K v\u00fdcviku jsou pou\u017e\u00edv\u00e1ny tr\u00e9ninkov\u00e9 simul\u00e1tory AED.<\/p>\n\n\n\n<p><\/p>\n\n\n\n<p><\/p>\n\n\n\n<h2 class=\"wp-block-heading\">V\u00fdhody pro V\u00e1s<\/h2>\n\n\n\n<ul class=\"wp-block-list\">\n<li><strong>Minim\u00e1ln\u00ed po\u010det \u00fa\u010dastn\u00edk\u016f kurzu ji\u017e od 2 osob<\/strong><\/li>\n\n\n\n<li><strong>\u0160kolen\u00ed PP dle po\u017eadavk\u016f z\u00e1kon\u00edku pr\u00e1ce je prov\u00e1d\u011bno s&nbsp;v\u011bdom\u00edm a souhlasem KHS LK<\/strong>.<\/li>\n\n\n\n<li>Ka\u017ed\u00fd \u00fa\u010dastn\u00edk obdr\u017e\u00ed&nbsp;<strong>Osv\u011bd\u010den\u00ed<\/strong>&nbsp;o pro\u0161kolen\u00ed v&nbsp;poskytov\u00e1n\u00ed prvn\u00ed pomoci s&nbsp;uveden\u00edm obsahu \u0161kolen\u00e9 problematiky a s&nbsp;<strong>podpisem a raz\u00edtkem lektora<\/strong>.<\/li>\n\n\n\n<li>Zam\u011bstnavatel, \u010di organizace objedn\u00e1vaj\u00edc\u00ed kurz obdr\u017e\u00ed potvrzen\u00fd&nbsp;<strong>origin\u00e1l prezen\u010dn\u00ed listiny<\/strong>.<\/li>\n\n\n\n<li>Konzultace a kontrola vybaven\u00ed l\u00e9k\u00e1rny PP na pracovi\u0161ti.<\/li>\n\n\n\n<li>Praktick\u00fd v\u00fdcvik kariopulmon\u00e1ln\u00ed resuscitace na&nbsp;<strong>modelech dosp\u011bl\u00e9ho, p\u0159\u00edp. d\u00edt\u011bte (3, 6 a 10 let) a kojence<\/strong>&nbsp;v z\u00e1kladn\u00edm \u0161kolen\u00ed PP.<\/li>\n\n\n\n<li>Praktick\u00fd v\u00fdcvik v pou\u017e\u00edv\u00e1n\u00ed&nbsp;<strong>automatizovan\u00e9ho extern\u00edho defibril\u00e1toru<\/strong>&nbsp;v z\u00e1kladn\u00edm \u0161kolen\u00ed PP.<\/li>\n\n\n\n<li>Praktick\u00fd v\u00fdcvik v pou\u017e\u00edv\u00e1n\u00ed aplikace&nbsp;<strong>Z\u00e1chranka<\/strong>&nbsp;v z\u00e1kladn\u00edm \u0161kolen\u00ed PP.<\/li>\n\n\n\n<li>Obnova \u0161kolen\u00ed je doporu\u010dena po t\u0159ech letech. Pohl\u00edd\u00e1me V\u00e1m term\u00edn a sami V\u00e1s budeme informovat.<\/li>\n\n\n\n<li>Poskytnut\u00ed studijn\u00edch materi\u00e1l\u016f v elektronick\u00e9 podob\u011b.<\/li>\n\n\n\n<li>\u0160kolen\u00ed lze zajistit po domluv\u011b v&nbsp;libovoln\u00e9m term\u00ednu.<\/li>\n\n\n\n<li>Kurz je realizov\u00e1n na pracovi\u0161ti klienta.<\/li>\n\n\n\n<li>Bezplatn\u00e1 konzultace problematiky prvn\u00ed pomoci po dobu n\u00e1sleduj\u00edc\u00edch t\u0159\u00ed let.<\/li>\n\n\n\n<li><strong>Zdarma<\/strong>&nbsp;nab\u00edz\u00edme zprost\u0159edkov\u00e1n\u00ed \u0161kolen\u00ed zam\u011bstnanc\u016f v&nbsp;<strong>BOZ a PO<\/strong>&nbsp;dle po\u017eadavku z\u00e1kon\u00edku pr\u00e1ce.<\/li>\n\n\n\n<li>Lektor je odborn\u011b zp\u016fsobil\u00fd pro \u0161kolen\u00ed zdravotnick\u00e9 p\u0159\u00edpravy uchaze\u010d\u016f o \u0159idi\u010dsk\u00e9 opr\u00e1vn\u011bn\u00ed dle \u00a7 22 odst. c) z\u00e1k. \u010d. 247\/2000 Sb.<\/li>\n\n\n\n<li>Lektor je dr\u017eitelem kvalifikace Diplomovan\u00fd zdravotnick\u00fd z\u00e1chran\u00e1\u0159 a V\u0161eobecn\u00e1 sestra s registrac\u00ed u MZ \u010cR a \u010dlen VZS \u010c\u010cK s&nbsp;kvalifikac\u00ed ZII.<\/li>\n\n\n\n<li>Doprava lektora do m\u00edsta \u0161kolen\u00ed v r\u00e1mci Jablonce nad Nisou a Liberce nebo od 16 \u00fa\u010dastn\u00edk\u016f \u0161kolen\u00ed kdekoli do 200 km zdarma.<\/li>\n\n\n\n<li>P\u0159i kurzu realizovan\u00e9m mimo v\u00fd\u0161e uveden\u00fdch skute\u010dnost\u00ed je \u00fa\u010dtov\u00e1no k&nbsp;cen\u011b cestovn\u00e9 ve v\u00fd\u0161i 10 K\u010d\/ 1 km.<\/li>\n<\/ul>\n\n\n\n<p><\/p>\n","protected":false},"excerpt":{"rendered":"<p>\u0160kolen\u00ed prvn\u00ed pomoci Jablonec, Liberec, \u010cesk\u00e1 L\u00edpa, Turnov, Hradec Kr\u00e1lov\u00e9, Fr\u00fddlant, Litom\u011b\u0159ice, Praha, aj. Jste zam\u011bstnavatel? Pokud je odpov\u011b\u010f ano, vztahuje se na v\u00e1s&nbsp;povinnost vypl\u00fdvaj\u00edc\u00ed ze z\u00e1kon\u00edku pr\u00e1ce&nbsp;o odborn\u00e9m pro\u0161kolen\u00ed zam\u011bstnanc\u016f v&nbsp;poskytov\u00e1n\u00ed prvn\u00ed pomoci. Pln\u011bn\u00ed t\u00e9to povinnosti b\u00fdv\u00e1 p\u0159edm\u011btem kontrol st\u00e1tn\u00edch org\u00e1n\u016f (\u00a7 102 odst. 6, \u00a7 103 odst. 1 p\u00edsm. g) a j) z\u00e1k. [&hellip;]<\/p>\n","protected":false},"author":2,"featured_media":0,"parent":0,"menu_order":0,"comment_status":"closed","ping_status":"closed","template":"","meta":{"hide_page_title":"","footnotes":""},"class_list":["post-9","page","type-page","status-publish","hentry"],"_links":{"self":[{"href":"https:\/\/skoleni-prvni-pomoc.cz\/index.php?rest_route=\/wp\/v2\/pages\/9","targetHints":{"allow":["GET"]}}],"collection":[{"href":"https:\/\/skoleni-prvni-pomoc.cz\/index.php?rest_route=\/wp\/v2\/pages"}],"about":[{"href":"https:\/\/skoleni-prvni-pomoc.cz\/index.php?rest_route=\/wp\/v2\/types\/page"}],"author":[{"embeddable":true,"href":"https:\/\/skoleni-prvni-pomoc.cz\/index.php?rest_route=\/wp\/v2\/users\/2"}],"replies":[{"embeddable":true,"href":"https:\/\/skoleni-prvni-pomoc.cz\/index.php?rest_route=%2Fwp%2Fv2%2Fcomments&post=9"}],"version-history":[{"count":6,"href":"https:\/\/skoleni-prvni-pomoc.cz\/index.php?rest_route=\/wp\/v2\/pages\/9\/revisions"}],"predecessor-version":[{"id":92,"href":"https:\/\/skoleni-prvni-pomoc.cz\/index.php?rest_route=\/wp\/v2\/pages\/9\/revisions\/92"}],"wp:attachment":[{"href":"https:\/\/skoleni-prvni-pomoc.cz\/index.php?rest_route=%2Fwp%2Fv2%2Fmedia&parent=9"}],"curies":[{"name":"wp","href":"https:\/\/api.w.org\/{rel}","templated":true}]}}