{"id":43,"date":"2024-07-18T15:26:11","date_gmt":"2024-07-18T13:26:11","guid":{"rendered":"http:\/\/skoleni-prvni-pomoc.cz\/?page_id=43"},"modified":"2024-07-21T23:47:18","modified_gmt":"2024-07-21T21:47:18","slug":"odkazy","status":"publish","type":"page","link":"https:\/\/skoleni-prvni-pomoc.cz\/?page_id=43","title":{"rendered":"Odkazy"},"content":{"rendered":"\n<p>P\u016fj\u010dovna kompenza\u010dn\u00edch pom\u016fcek &#8211; <a href=\"https:\/\/www.kompenzacni-pomucky-rieger.cz\/\">Kompenza\u010dn\u00ed pom\u016fcky Rieger \u2013 Liberec, Jablonec nad Nisou, \u010cesk\u00e1 L\u00edpa, Turnov, Fr\u00fddlant a p\u0159ilehl\u00e9 regiony (kompenzacni-pomucky-rieger.cz)<\/a><\/p>\n\n\n\n<p>Vodn\u00ed z\u00e1chrann\u00e1 slu\u017eba \u010c\u010cK &#8211;\u00a0<a href=\"https:\/\/www.vzs.cz\/\">Vodn\u00ed z\u00e1chrann\u00e1 slu\u017eba \u010c\u010cK, z.s. (vzs.cz)<\/a><\/p>\n\n\n\n<p>Cestov\u00e1n\u00ed s d\u011btmi, dovolen\u00e1 s d\u011btmi\u00a0<a href=\"https:\/\/web.archive.org\/web\/20180827231218\/http:\/\/www.cestujsdetmi.cz\/\"><a href=\"https:\/\/www.cestujsdetmi.cz\/\">Dovolen\u00e1 a v\u00fdlety s d\u011btmi &#8211; Cestuj s d\u011btmi.cz | Cestuj s d\u011btmi.cz (cestujsdetmi.cz)<\/a><\/a><\/p>\n\n\n\n<p>Webio.eu &#8211;&nbsp;<a href=\"https:\/\/web.archive.org\/web\/20180827231218\/http:\/\/www.webio.eu\/\">Tvorba webov\u00fdch str\u00e1nek &#8211; Liberec, Jablonec, \u010cesk\u00e1 L\u00edpa<\/a><\/p>\n\n\n\n<p>Hospic sv. Zdislavy, o.p.s &#8211;\u00a0<a href=\"https:\/\/www.hospiczdislavy.cz\/\">Hospic sv. Zdislavy | Liberec (hospiczdislavy.cz)<\/a><\/p>\n\n\n\n<p><\/p>\n","protected":false},"excerpt":{"rendered":"<p>P\u016fj\u010dovna kompenza\u010dn\u00edch pom\u016fcek &#8211; Kompenza\u010dn\u00ed pom\u016fcky Rieger \u2013 Liberec, Jablonec nad Nisou, \u010cesk\u00e1 L\u00edpa, Turnov, Fr\u00fddlant a p\u0159ilehl\u00e9 regiony (kompenzacni-pomucky-rieger.cz) Vodn\u00ed z\u00e1chrann\u00e1 slu\u017eba \u010c\u010cK &#8211;\u00a0Vodn\u00ed z\u00e1chrann\u00e1 slu\u017eba \u010c\u010cK, z.s. (vzs.cz) Cestov\u00e1n\u00ed s d\u011btmi, dovolen\u00e1 s d\u011btmi\u00a0Dovolen\u00e1 a v\u00fdlety s d\u011btmi &#8211; Cestuj s d\u011btmi.cz | Cestuj s d\u011btmi.cz (cestujsdetmi.cz) Webio.eu &#8211;&nbsp;Tvorba webov\u00fdch str\u00e1nek &#8211; Liberec, [&hellip;]<\/p>\n","protected":false},"author":2,"featured_media":0,"parent":0,"menu_order":0,"comment_status":"closed","ping_status":"closed","template":"","meta":{"hide_page_title":"","footnotes":""},"class_list":["post-43","page","type-page","status-publish","hentry"],"_links":{"self":[{"href":"https:\/\/skoleni-prvni-pomoc.cz\/index.php?rest_route=\/wp\/v2\/pages\/43","targetHints":{"allow":["GET"]}}],"collection":[{"href":"https:\/\/skoleni-prvni-pomoc.cz\/index.php?rest_route=\/wp\/v2\/pages"}],"about":[{"href":"https:\/\/skoleni-prvni-pomoc.cz\/index.php?rest_route=\/wp\/v2\/types\/page"}],"author":[{"embeddable":true,"href":"https:\/\/skoleni-prvni-pomoc.cz\/index.php?rest_route=\/wp\/v2\/users\/2"}],"replies":[{"embeddable":true,"href":"https:\/\/skoleni-prvni-pomoc.cz\/index.php?rest_route=%2Fwp%2Fv2%2Fcomments&post=43"}],"version-history":[{"count":4,"href":"https:\/\/skoleni-prvni-pomoc.cz\/index.php?rest_route=\/wp\/v2\/pages\/43\/revisions"}],"predecessor-version":[{"id":88,"href":"https:\/\/skoleni-prvni-pomoc.cz\/index.php?rest_route=\/wp\/v2\/pages\/43\/revisions\/88"}],"wp:attachment":[{"href":"https:\/\/skoleni-prvni-pomoc.cz\/index.php?rest_route=%2Fwp%2Fv2%2Fmedia&parent=43"}],"curies":[{"name":"wp","href":"https:\/\/api.w.org\/{rel}","templated":true}]}}