{"id":13,"date":"2024-07-18T14:39:19","date_gmt":"2024-07-18T12:39:19","guid":{"rendered":"http:\/\/skoleni-prvni-pomoc.cz\/?page_id=13"},"modified":"2024-07-21T23:30:04","modified_gmt":"2024-07-21T21:30:04","slug":"nabidka-a-cenik","status":"publish","type":"page","link":"https:\/\/skoleni-prvni-pomoc.cz\/?page_id=13","title":{"rendered":"Nab\u00eddka"},"content":{"rendered":"\n<h1 class=\"wp-block-heading\"><\/h1>\n\n\n\n<p>\u0160kolen\u00ed problematiky poskytov\u00e1n\u00ed prvn\u00ed pomoci v&nbsp;pln\u00e9m rozsahu dle po\u017eadavku&nbsp;<strong>z\u00e1kon\u00edku pr\u00e1ce&nbsp;<\/strong>a dal\u0161\u00edch pr\u00e1vn\u00edch p\u0159edpis\u016f (nap\u0159. \u0161kolsk\u00fd z\u00e1kon, z\u00e1kon o ochran\u011b ve\u0159ejn\u00e9ho zdrav\u00ed, aj.)<\/p>\n\n\n\n<p><\/p>\n\n\n\n<p><strong>obsahuje:&nbsp;<\/strong>pr\u00e1vn\u00ed minimum,&nbsp;<strong>kompletn\u00ed pr\u016fprava<\/strong>&nbsp;v&nbsp;poskytov\u00e1n\u00ed prvn\u00ed pomoci p\u0159i \u00farazov\u00fdch i ne\u00farazov\u00fdch stavech v\u010detn\u011b p\u0159ivol\u00e1n\u00ed ZZS, praktick\u00fd n\u00e1cvik KPR (resuscitace) na modelech dosp\u011bl\u00e9ho, d\u00edt\u011bte a kojence, n\u00e1cvik KPR s pou\u017eit\u00edm AED<\/p>\n\n\n\n<p><\/p>\n\n\n\n<p><strong>d\u00e9lka kurzu:<\/strong>&nbsp;cca 1,5 &#8211; 2,5 hodiny v&nbsp;z\u00e1vislosti na individu\u00e1ln\u00edch po\u017eadavc\u00edch<\/p>\n\n\n\n<p><\/p>\n\n\n\n<p><strong>zam\u011b\u0159en\u00ed:&nbsp;<\/strong>kurz je upraven dle p\u0159\u00e1n\u00ed z\u00e1kazn\u00edka a dle povahy c\u00edlov\u00e9 skupiny poslucha\u010d\u016f s&nbsp;p\u0159ihl\u00e9dnut\u00edm k&nbsp;vykon\u00e1van\u00e9 \u010dinnosti a k&nbsp;prost\u0159ed\u00ed, ve kter\u00e9m se poslucha\u010di pohybuj\u00ed, kurz pedagog\u016f je zam\u011b\u0159en na prvn\u00ed pomoc u d\u011bt\u00ed<\/p>\n\n\n\n<p><\/p>\n\n\n\n<p><strong>realizace: <\/strong>\u0161kolen\u00ed zrealizujeme na va\u0161em pracovi\u0161ti, v\u0161e pot\u0159ebn\u00e9 i s dokumentac\u00ed p\u0159ivezeme s sebou, na m\u00edst\u011b jsou nutn\u00e9 pouze prostory \u00fam\u011brn\u00e9 po\u010dtu \u00fa\u010dastn\u00edk\u016f a \u010d\u00e1st voln\u00e9 plochy na projekci<\/p>\n","protected":false},"excerpt":{"rendered":"<p>\u0160kolen\u00ed problematiky poskytov\u00e1n\u00ed prvn\u00ed pomoci v&nbsp;pln\u00e9m rozsahu dle po\u017eadavku&nbsp;z\u00e1kon\u00edku pr\u00e1ce&nbsp;a dal\u0161\u00edch pr\u00e1vn\u00edch p\u0159edpis\u016f (nap\u0159. \u0161kolsk\u00fd z\u00e1kon, z\u00e1kon o ochran\u011b ve\u0159ejn\u00e9ho zdrav\u00ed, aj.) obsahuje:&nbsp;pr\u00e1vn\u00ed minimum,&nbsp;kompletn\u00ed pr\u016fprava&nbsp;v&nbsp;poskytov\u00e1n\u00ed prvn\u00ed pomoci p\u0159i \u00farazov\u00fdch i ne\u00farazov\u00fdch stavech v\u010detn\u011b p\u0159ivol\u00e1n\u00ed ZZS, praktick\u00fd n\u00e1cvik KPR (resuscitace) na modelech dosp\u011bl\u00e9ho, d\u00edt\u011bte a kojence, n\u00e1cvik KPR s pou\u017eit\u00edm AED d\u00e9lka kurzu:&nbsp;cca 1,5 &#8211; 2,5 [&hellip;]<\/p>\n","protected":false},"author":2,"featured_media":0,"parent":0,"menu_order":0,"comment_status":"closed","ping_status":"closed","template":"","meta":{"hide_page_title":"","footnotes":""},"class_list":["post-13","page","type-page","status-publish","hentry"],"_links":{"self":[{"href":"https:\/\/skoleni-prvni-pomoc.cz\/index.php?rest_route=\/wp\/v2\/pages\/13","targetHints":{"allow":["GET"]}}],"collection":[{"href":"https:\/\/skoleni-prvni-pomoc.cz\/index.php?rest_route=\/wp\/v2\/pages"}],"about":[{"href":"https:\/\/skoleni-prvni-pomoc.cz\/index.php?rest_route=\/wp\/v2\/types\/page"}],"author":[{"embeddable":true,"href":"https:\/\/skoleni-prvni-pomoc.cz\/index.php?rest_route=\/wp\/v2\/users\/2"}],"replies":[{"embeddable":true,"href":"https:\/\/skoleni-prvni-pomoc.cz\/index.php?rest_route=%2Fwp%2Fv2%2Fcomments&post=13"}],"version-history":[{"count":8,"href":"https:\/\/skoleni-prvni-pomoc.cz\/index.php?rest_route=\/wp\/v2\/pages\/13\/revisions"}],"predecessor-version":[{"id":81,"href":"https:\/\/skoleni-prvni-pomoc.cz\/index.php?rest_route=\/wp\/v2\/pages\/13\/revisions\/81"}],"wp:attachment":[{"href":"https:\/\/skoleni-prvni-pomoc.cz\/index.php?rest_route=%2Fwp%2Fv2%2Fmedia&parent=13"}],"curies":[{"name":"wp","href":"https:\/\/api.w.org\/{rel}","templated":true}]}}